- u. Is y composite?
True
Suppose 7*k = 2*k + 25, 0 = -4*i - 4*k + 20. Suppose 4*o + i*o = 628. Is o a composite number?
False
Suppose -3*m + 4 = -7*m, -2*x = -m - 7599. Is x a prime number?
False
Let u(z) = -3*z**3 - 3*z**2 + 2*z + 1. Let m be u(2). Let o = m + 72. Let d = o + -28. Is d a composite number?
False
Let a = 400 + 157. Suppose 3*r - a = -122. Is r composite?
True
Suppose 2*o - 2*u + 122 = 4*o, -4*o = -3*u - 244. Let i = -36 + o. Suppose 0*r - i = -r. Is r prime?
False
Let u(k) = 680*k**2 - 1. Is u(-1) a prime number?
False
Let b be (-2)/(-4) + 31/2. Let y = b + -2. Is y prime?
False
Let c(h) be the second derivative of h**4/12 - h**3/6 + 35*h**2/2 - 4*h. Is c(0) prime?
False
Let d be 882/24 + 1/4. Suppose 0 = -2*l + 3*l - d. Is l a prime number?
True
Let h(g) = g. Let k be h(6). Suppose -k*i + i = 0. Is (-4)/(-2) + i + 77 a prime number?
True
Let s = -1796 + 1221. Let g = -282 - s. Is g prime?
True
Is (-6)/4 + (794/4 - -2) a prime number?
True
Suppose -5*j = 5 + 15, -3*x - 3*j + 24 = 0. Let h = x + 137. Is h a composite number?
False
Let i(u) = -211*u - 5. Let r(w) = 141*w + 3. Let l(y) = 5*i(y) + 8*r(y). Is l(2) a composite number?
True
Let a(h) = h - 3 + 0 + 7 + 3. Let u be a(-5). Suppose -u*z = -z - 34. Is z a composite number?
True
Let i = 2 + 33. Is i a composite number?
True
Let h(q) = -q**3 + q**2 + 865. Is h(0) a composite number?
True
Suppose -3*q - q + 5*u - 2486 = 0, 3*u = -5*q - 3089. Let r = -362 - q. Is r a composite number?
False
Suppose -6 = 2*w + 2*o + 2*o, 4*w + 2*o - 12 = 0. Suppose -w*p = -0*p. Suppose 2*r = -p*r + 38. Is r composite?
False
Suppose u - 12 = -2*u. Suppose -5*j - 550 = d - 6*d, -2*d - u*j + 238 = 0. Is d a prime number?
True
Let d = -73 + 108. Suppose -3*g = -2*g - x, -3*g + d = 4*x. Let b(m) = 3*m**3 - 7*m**2 + 2*m - 5. Is b(g) a prime number?
False
Suppose -3 = -p - 0*p. Let t be 1/(-1*1/p). Let r(o) = 2*o**2 + 4*o + 4. Is r(t) a prime number?
False
Let i = 964 + -501. Is i composite?
False
Let b(v) = 4 - 4 - 4 - 21*v + 6. Is b(-1) prime?
True
Let t = -7 + 9. Suppose 0 = -4*y + 8, 3*s - t*s = y. Is s a prime number?
True
Suppose 2*k + 3*k + 3*x - 7958 = 0, 0 = -4*k + 5*x + 6359. Is k a composite number?
True
Is 966 + 2 + 2 + -3 a composite number?
False
Suppose -64 = 3*w + w. Let t(r) = r**3 - 7*r**2 - 6*r - 5. Let p be t(7). Let y = w - p. Is y a prime number?
True
Is (-4755)/25*(-8 + 3) a composite number?
True
Suppose -5*r = 55 + 95. Let g be (-96)/r - (-2)/(-10). Suppose -455 = -g*f - 2*f. Is f a composite number?
True
Suppose u + 34 = 191. Is u composite?
False
Suppose -4*z + 1 = -4*d - 19, 0 = -4*z + 5*d + 21. Suppose 3*q + 2*l = 1841 + 590, z*q + l - 3238 = 0. Is q a composite number?
False
Let s(g) = 23*g**3 + 4*g**2 - 6*g - 5. Is s(4) a prime number?
False
Suppose -4*z - 12344 = -12*z. Is z a composite number?
False
Let s(c) be the third derivative of -c**6/120 + c**5/20 + c**4/12 - 5*c**3/6 - 2*c**2. Is s(-6) a composite number?
False
Let r(h) = 9*h**3 - 3*h**2 - 3*h. Let f be r(3). Suppose -s = -4*q + f, 89 - 287 = -4*q - 2*s. Is q prime?
False
Suppose 0 = -3*m + 156 + 198. Is (-2)/((-4)/m) + 0 a prime number?
True
Is (-84812)/(-78) + 2/(-6) prime?
True
Suppose 0 = -3*x + 223 + 311. Suppose -3*l + l = -x. Is l a prime number?
True
Suppose 2*n = -2*n + 16. Suppose -r = -n*g + 351, -5*r = 3*g - 0*r - 292. Is g a composite number?
False
Let r be 10/6 - (-3)/9. Suppose 2*i + 13 = -g, r*i - i - 5*g - 21 = 0. Let f(b) = b**3 + 4*b**2 - 2*b + 5. Is f(i) composite?
False
Let k = -22 - -38. Let q be ((-18)/(-4))/(6/k). Let i(s) = 4*s - 17. Is i(q) a prime number?
True
Suppose -7*z = 8957 - 25960. Is z composite?
True
Let w(g) = 3*g**3 + 5*g**2 - 7*g - 11. Let c(f) = -7*f**3 - 10*f**2 + 14*f + 23. Let x = 0 - 2. Let h(k) = x*c(k) - 5*w(k). Is h(-6) prime?
True
Suppose 5*r + 404 = g + 3*g, -2*r - 200 = -2*g. Let l(k) = -3*k + 1. Let a be l(-6). Let c = g - a. Is c a composite number?
True
Let r be (0*(-3)/9)/3. Suppose -142 = 2*o - 8. Let a = r - o. Is a a composite number?
False
Suppose -2*o = 2*u - 112, 2*o + 3*u - 36 = 79. Is o a prime number?
True
Let h = 42 - 27. Suppose h = -5*q, -4*k + 4*q = q + 327. Let l = k - -121. Is l composite?
False
Suppose 8 + 2 = 2*r. Suppose 4*l - c = 5037, 2*l + 0*c - r*c = 2523. Is l a prime number?
True
Let r be ((-15)/10)/((-3)/4). Suppose 0 = -j + 2*v + 213, 42 + 375 = r*j + 5*v. Is j a composite number?
False
Let w(k) = k**3 + 14*k**2 + 19*k - 8. Let i(n) = n**2 + 1. Let y(z) = -i(z) - w(z). Is y(-14) prime?
False
Let p(s) = -2*s**3 - 11*s**2 + 12*s + 2. Let x(f) = -3*f**3 - 11*f**2 + 13*f + 2. Let t(c) = -4*p(c) + 3*x(c). Is t(8) a prime number?
False
Let t = 10 - 15. Let b = t + 44. Is b composite?
True
Suppose 3*d = 5*n + 9666, -2*d = -d - 2*n - 3223. Is d composite?
False
Suppose 4*f = -3*c + 12, 0*f + 2*c = 3*f - 26. Let m be 13/f + 2/(-12). Suppose -4*q - m*s + 362 = 0, 0 = -3*s + 6 + 3. Is q a composite number?
False
Let y be 0 + 5 - (1 - 4). Let q = y + 25. Is q prime?
False
Let b = 1 - 2. Let c be (-6)/(-5)*(6 + b). Suppose -3*t - c*g + 4*g = -651, 2*t + 5*g = 434. Is t a prime number?
False
Let m(l) = -l**2 + l + 6. Let b be m(0). Let w = b + -4. Let c = 13 - w. Is c a composite number?
False
Suppose h - 4*u - 75 = -0*u, 3*u = 2*h - 160. Is h prime?
True
Let r = -243 - -1043. Suppose v = -4*v + r. Suppose y - 20 = -3*y, v = 5*h - y. Is h prime?
False
Suppose -4*a - t + 1520 = -4*t, -3*a - 2*t + 1123 = 0. Is a a prime number?
False
Suppose -3*j = -w - 324 - 153, 954 = -2*w - 4*j. Is (4/6)/((-6)/w) prime?
True
Let u(g) = g**2 - 12*g - 42. Is u(-17) composite?
True
Suppose 3*u + 2*t = 5, -u + 6 = -t + 1. Suppose 0*c - u*c + 2055 = 0. Is c a composite number?
True
Let s = 2356 - -4243. Is s a prime number?
True
Let k = -2132 + 3609. Is k composite?
True
Let u = 24 - 17. Suppose u - 32 = -5*b. Suppose -160 = -4*z - 3*p, b*z - 5*p - 165 = -0*p. Is z prime?
True
Is ((-12)/9)/(-4)*381 a prime number?
True
Suppose -5*y + 443 = 3*i, 2*i = -0*i + y + 278. Is i a prime number?
False
Suppose -4*s + 61 - 17 = 0. Suppose 5*a = 15, s = 2*p + 2*p + a. Is (0 - 0) + p - -13 a composite number?
True
Let k = 1538 + -981. Is k prime?
True
Let k = 221 + -64. Is k prime?
True
Suppose 5755 = -x + 6*x. Is x composite?
False
Let y be -2 + 2 + 2 + -104. Is (2/6)/((-1)/y) composite?
True
Suppose -2*i - 11 = -4*f - i, 0 = -2*f - 4*i + 28. Suppose f = -3*y + y. Is -1 - (1 + y) - -13 a prime number?
True
Suppose 6*s - 2*s = 236. Let d be -1 + (-1 - -5) + -2 + -39. Let h = d + s. Is h prime?
False
Suppose j = 2*y - 0*y + 30, 0 = 5*j - 3*y - 122. Is j prime?
False
Let q(o) = 86*o + 27. Is q(11) composite?
True
Let w = -43 + 130. Is w prime?
False
Let a be 1*(-5)/((-10)/4). Suppose b - 69 = -a*b. Is b composite?
False
Let y = 7 + -6. Let p(s) = -y + 6 + 8*s - 4 + 2. Is p(6) prime?
False
Let s = -3 - -8. Let w be (-8)/(-20) + 1703/s. Let c = w - 178. Is c a prime number?
True
Let h(g) be the third derivative of 9/8*g**4 - 1/3*g**3 + 0 - g**2 + 0*g. Is h(5) a composite number?
True
Let i be (-2)/6*3/(-1). Is i*58*25/10 a composite number?
True
Let j(q) = -q**2 - 10*q + 2. Let p = -9 - -2. Is j(p) a prime number?
True
Let v be 2/3*120/16. Let f(p) = 3*p**3 + p**2 - 3*p + 4. Is f(v) composite?
False
Let r be -4*(21/(-6) + 3). Let n = r + 2. Suppose n*l = -0*l + 452. Is l prime?
True
Let v(r) = 18*r + 14. Is v(8) prime?
False
Let v(j) = 2*j**2 + 6*j + 7. Let i be v(6). Suppose -2*m = -m - i. Is m a prime number?
False
Suppose -3*o + o = -4. Suppose -o*z + 16 + 64 = 0. Suppose 0*s + 5*c = -3*s + z, -4*s = 2*c - 58. Is s a composite number?
True
Let k(z) = 2*z + 13. Let g be k(-7). Let m(a) be the second derivative of -103*a**5/10 - a**4/12 - 2*a. Is m(g) a composite number?
True
Suppose -14*m + 19*m = 745. Is m a prime number?
True
Is (2*3453/(-18))/((-1)/3) a prime number?
True
Suppose -q + 3*t = -163, -2*t = -2*q - t + 341. Let a(c) = -5*c - 1. Let p be a(-1). Suppose -p*s + 184 + q = 0. Is s a composite number?
False
Suppose 3*s - 2*p + 28 = 0, 0*p - 48 = 3*s + 3*p. Let g be (8/s)/(4/(-54)). Let h = 5 + g. Is h composite?
True
Suppose 5*j - 2*f - 785 = 0, -4*j + 5*f = 4*f - 631. Let n = 110 - j. Let y = n + 92. Is y a prime number?
True
Let u(p) = 80*p + 9. Is u(5) composite?
F